tive of o**3/2 + 15*o**2/2 + 25*o. Let p be g(-5). Suppose p = 5*a - 10 - 55. Calculate the remainder when a is divided by 4.
1
Let p = 11 - -11. Let w be 5/(-30) - (-370)/(-12). Let d = -26 - w. Calculate the remainder when p is divided by d.
2
Let k = -18 - -43. Calculate the remainder when 4945/30 + 1/6 is divided by k.
15
Suppose u = 3*c - 647 + 806, 497 = 3*u - 5*c. Calculate the remainder when u is divided by 47.
33
Let u be -7*(-16 + (-10)/(-5)). Suppose -4*q - 2*a + 106 = 0, -3*q + a + u - 21 = 0. Suppose 0 = -5*n + 151 - q. What is the remainder when n is divided by 4?
1
Suppose -2*l - 3*v + 347 = 0, 24 = 2*l - 4*v - 330. Let j = -134 + l. Let b = 41 - 24. Calculate the remainder when j is divided by b.
7
Suppose h + 4 = -14*h + 2239. Calculate the remainder when h is divided by 8.
5
Suppose -1380*b + 2*q = -1376*b - 64, 0 = 4*b + 4*q - 100. What is the remainder when 891 is divided by b?
17
Suppose -27*k + 63 = -261. Let r = -45 - -67. Suppose -10*p - r = -11*p. What is the remainder when p is divided by k?
10
What is the remainder when -13*(-378 - 121/(-11)) is divided by 14?
11
Let f(q) = 2*q**2 + 96*q + 1274. What is the remainder when f(-33) is divided by ((-15)/6)/((-1)/30)?
59
Suppose 5*o - 2*y - 238 = 0, 227 = y + 221. Calculate the remainder when 341 is divided by o.
41
Let n(h) = -244*h - 2414. What is the remainder when 42 is divided by n(-10)?
16
Let q(a) = a**3 + 14*a**2 - 2*a. What is the remainder when 469 is divided by q(-13)?
79
Suppose -3*k + 9*f = 11*f - 915, -5*f = 15. Calculate the remainder when k is divided by 26.
21
Let y = 15945 + -15874. Suppose 0*u - 114 = -5*w + 2*u, -3*w + u + 69 = 0. Calculate the remainder when y is divided by w.
23
Suppose -78*b = -80*b + 534. Let i = 89 + -44. What is the remainder when b is divided by i?
42
Let f(u) be the second derivative of -u**3/2 + 29*u**2/2 - 2060*u. Let s be (-3)/(-2)*24/9. What is the remainder when 99 is divided by f(s)?
14
Let u = -12 - -35. Let h(l) = -3*l**3 - 11*l**2 + 5*l + 16. Suppose -11 = x - 2*b, x + b = -3*b + 7. Calculate the remainder when h(x) is divided by u.
22
Suppose 25*r - 20*r = -t + 134, 4*t = 2*r + 690. Calculate the remainder when 185 is divided by t.
16
Calculate the remainder when 1558 is divided by (-23)/((26/8)/(-13)).
86
Suppose 0 = -2*i - 2*i + 72. Calculate the remainder when (37/((-222)/(-36)))/(-8) + (-2775)/(-20) is divided by i.
12
Suppose -2*o + 61 = 4*a - 7*a, -a + 5*o = 42. Let q = 109 + a. Suppose -16 = -2*f + c + 32, -2*c = 3*f - 72. Calculate the remainder when q is divided by f.
20
Let g = 11532 + -11493. What is the remainder when 40 is divided by g?
1
Suppose 4076 = 4*p - 0*p. Suppose 344 - p = -5*q. Let a = 370 - 336. What is the remainder when q is divided by a?
33
Let f(t) = t**3 + 13*t**2 + 11*t + 6. What is the remainder when f(-5) is divided by 138/24 - 6 - 410/(-8)?
49
Suppose -7*n + 19*n = 8*n. Let m be (-3)/(-1 - 0/(-1)). Suppose 2*f - 91 = -5*q - n*f, q = m*f + 8. What is the remainder when 48 is divided by q?
14
Suppose 0 = 4*a + 5*y - 205, -2*y = 3*a - 263 + 111. Calculate the remainder when 349 is divided by a.
49
Let c = 22 - 21. Let k(i) = 61*i**2 + 4*i - 3. Let b(d) = -62*d**2 - 3*d + 2. Let n(o) = -3*b(o) - 2*k(o). What is the remainder when n(c) is divided by 17?
14
Suppose 0 = -2*t + 7*t - 5, 3*b - 50 = t. Suppose -2470 = -30*j - 190. Let v = 85 - j. Calculate the remainder when b is divided by v.
8
Let h(w) = -7*w - 14. Let s be 3 - (-2 - (-4 + 5)). Suppose 18 + 48 = -s*m. What is the remainder when h(m) is divided by 11?
8
Let m = 200 - -214. Let n = 427 - m. Calculate the remainder when 19 is divided by n.
6
What is the remainder when 2092 is divided by (-55 - -1087) + 39/3?
2
Let m(j) = -10*j - 9. Let r(b) = 11*b + 104. Let d be r(-10). What is the remainder when m(-6) is divided by ((-3)/d - 102/(-4))/1?
25
Let s(x) = -6*x + 174. Let r be s(-29). Let i = r + -325. What is the remainder when 274 is divided by i?
21
Calculate the remainder when 293 is divided by (2*3)/(8/8) - (-124)/(-62).
1
Let d be ((-1618)/(-7))/(-1) + 5/35. Let m = -226 - d. Calculate the remainder when 14 is divided by m.
4
Let h(b) = b**3 + 19*b**2 + 74*b + 21. Calculate the remainder when h(-10) is divided by 39.
25
Suppose -3*q + 2490 = 3*n, -5*n - 11*q + 4150 = -15*q. Calculate the remainder when n is divided by 81.
20
Suppose c + 125 - 794 = 0. What is the remainder when c is divided by 28?
25
Let j(i) = -56*i**2 + 718*i + 27. What is the remainder when j(11) is divided by 1?
0
Suppose -15*c + 6868 = 2*c. Suppose -10*g + c = -46. Calculate the remainder when g is divided by 23.
22
Suppose -202 = -9*f + 5648. Suppose -2*m + f = 23*m. What is the remainder when m is divided by 10?
6
Let t(d) = 2*d**3 + 53*d**2 + 138*d + 91. What is the remainder when t(-23) is divided by 36?
8
Let g = -353 + 131. Let s = 240 + g. Calculate the remainder when 34 is divided by s.
16
Calculate the remainder when 1829 is divided by (366/(-15))/(-3 + (-70)/(-25)).
121
Suppose 482 = -3*a - 124. Let t = 392 + a. What is the remainder when t is divided by 6?
4
Suppose 841*q = 830*q + 1144. Calculate the remainder when 531 is divided by q.
11
Suppose -22*c = -8*c - 1232. Let m = 166 - c. Calculate the remainder when m is divided by 22.
12
Suppose 19*j - 5327 + 868 = 4737. What is the remainder when j is divided by 483?
1
Suppose 0 = r + 2*r - 384. What is the remainder when r is divided by 506/12 + 16 + 1547/(-102)?
42
Suppose 21*j - 601 = -160 + 210. Suppose 3*t = 3*w + 183, -t - w + 61 = 10. Calculate the remainder when t is divided by j.
25
Let a be 4/(-2) + 4068 + 66. Suppose 50*y + 432 = a. What is the remainder when y is divided by 25?
24
Suppose 25*w + 10836 = 154*w. Calculate the remainder when w is divided by 34.
16
Suppose 4*y - 156 = -35*y. Calculate the remainder when (-1 + (-7)/2)*260/(-26) is divided by y.
1
Suppose 4*m + 308 = x - 71, -785 = -2*x - m. What is the remainder when x is divided by 152?
87
Suppose 7*q = 8*q - 11. Suppose -q*s = -274 - 67. Calculate the remainder when 152 is divided by s.
28
Let x(m) = 260*m**3 - 20*m**2 + 21*m - 3. What is the remainder when x(1) is divided by 82?
12
Let m = -23099 + 24773. Calculate the remainder when m is divided by 52.
10
Let y = 5620 + -5557. Calculate the remainder when 342 is divided by y.
27
Suppose 0 = 5*j - 1382 - 13468. What is the remainder when j is divided by 230?
210
Let j be ((-12)/9 + 0)/((-30)/135). Suppose m = 5*z - 35, j*m + 3*z + 25 = 2*m. What is the remainder when ((-2)/m - 1)/(2/(-130)) is divided by 28?
24
Suppose 518*l = 451*l + 10050. Calculate the remainder when 1212 is divided by l.
12
Let y(t) = -326 + 151 + 8*t**2 + t**3 + 158 + 4*t. What is the remainder when 18 is divided by y(-7)?
2
Let h = 5 - -11. Let t(n) = 2*n**2 - 9*n + 1. Let y be t(4). What is the remainder when 7/((-14)/(-46))*(-1 - y) is divided by h?
14
Suppose -30*w + 293 = -274 - 63. What is the remainder when 461 is divided by w?
20
Suppose 315 = w - 5*n, -2*w - 6*n = -10*n - 642. Calculate the remainder when w is divided by 157.
11
Suppose 4*u = 4*j - 53 - 27, 4*j = 2*u + 90. What is the remainder when 816 is divided by j?
16
Let f = 563 - 425. Calculate the remainder when f - (-3 + 52/20)*-5 is divided by 36.
28
Let n = -11887 + 11974. What is the remainder when 368 is divided by n?
20
Let d(y) = 8 - 4*y - 2*y**3 + 2 - 4*y - 6*y**2 + 3*y**3. Suppose 19 = s + 4*k, 0 = -2*s + 9*k - 7*k + 8. What is the remainder when 8 is divided by d(s)?
2
Let z = 36 + -8. Suppose 2*h = -u + z, -4*u = -0*u. Calculate the remainder when 81 is divided by h.
11
Suppose -218 = 44*k - 45*k. Suppose 17*z - 20 = 12*z. What is the remainder when 2 - k*(-2)/z is divided by 57?
54
Let q = 302 - 297. Suppose 0 = -2*c + 4*n + 302, -q*n - 15 - 5 = 0. Calculate the remainder when c is divided by 24.
23
Let v be -1 - ((-4)/1 - 9). Let q(m) = v + 6*m + 0*m - 3*m - m. Calculate the remainder when 17 is divided by q(-3).
5
Suppose 8 = p + 4. Suppose q - 19 = -z + 2*q, -5*q = p*z - 85. Calculate the remainder when 13 is divided by (-7)/(28/z)*-1.
3
Let y(n) = -4*n**2 - 5*n + 16. Let u be y(4). Let k = 106 - u. Calculate the remainder when k is divided by 59.
56
Suppose -11*f + 1 + 10 = 0. Let z be 11 - f - 1/(2/(-4)). Wha